3346 - 2132. Let b = t + -1764. Let m = b - -941. Is m a prime number?
False
Let s = -41 - -45. Let j be -2*(s + -1 - 2316). Suppose -4*k - 2*k + j = 0. Is k a prime number?
False
Let i = 17 - 11. Suppose -5*k = x + 15, -3*x + 6 = -3*k - 3. Suppose 2*w - i*w + 2396 = x. Is w a composite number?
False
Let z(l) = 82*l + 11. Let k be z(8). Suppose k = -4*m + 1683. Is m composite?
True
Let s(k) = k - 28. Let v be s(19). Let f(m) be the third derivative of -m**6/120 - m**5/60 + m**4/12 + 11*m**3/6 + 4*m**2. Is f(v) a composite number?
False
Let s(p) = 242*p**3 - 5*p**2 + 8*p - 19. Is s(4) a prime number?
False
Let c(f) = 33*f**3 - 14*f**2 - 80*f + 14. Is c(13) composite?
False
Suppose -6*y = -8*y - 4*m + 4, 0 = y + 4*m. Suppose -16276 - 888 = -y*u. Is u prime?
False
Suppose 0 = -6*j - 7597 + 24829. Let y = 675 - -180. Suppose -3*l + j = -5*d, y + 1067 = 2*l + 4*d. Is l a composite number?
True
Let f = -41862 - -78036. Suppose 5*c - f - 24181 = 0. Is c a prime number?
True
Suppose 0 = -4*r + 4052 + 7572. Let u = r + -1705. Let p = u - 554. Is p composite?
False
Let j(p) = -127*p - 33. Let n be j(-6). Suppose 3978 = 3*w + n. Suppose -w + 4838 = a. Is a a composite number?
True
Suppose -4*h + h + 6 = 0. Suppose i = -h*i - 3. Let r(f) = -53*f**3 - f - 1. Is r(i) a composite number?
False
Suppose 0 = -22*b + 11*b + 31662 - 7121. Is b a composite number?
True
Suppose 7*y = 10*y + 2*s - 43088, 4*s = -3*y + 43084. Let j = y + -9829. Is j composite?
True
Suppose -3*i + i + 91585 = v, 0 = 3*v + 3*i - 274746. Is v composite?
True
Let c = 19205 - -30393. Is c composite?
True
Let b(h) = 35*h**2 + 99*h - 53. Is b(-54) composite?
False
Is (((-3)/9)/((-1)/(-9)))/(51/(-6889165)) prime?
False
Suppose -18*m + 3314295 = 27*m. Is m a composite number?
False
Let v = 12072 + -7009. Suppose 10*p - v = 9*p. Is p composite?
True
Suppose 4*g - 393378 = -5*h, 2*h = 2*g - 3*h - 196644. Is g prime?
False
Let f be 3 - 39/12 - (-72)/32. Is (f + 0)*(-3310)/(-4) a prime number?
False
Let n(h) = h - 1. Let r(c) = -10*c - 22. Let u(y) = -5*n(y) - r(y). Let w be u(-7). Is (-2)/w + 132056/32 composite?
False
Suppose -1048*i + 73042 + 38690 = -1036*i. Is i a composite number?
False
Suppose 183036 = 2*f + 2*n, 25*n + 12 = 28*n. Is f prime?
False
Suppose 4*g - 4587 = x, 3*x - 5576 + 19315 = g. Let n = 12078 + x. Is n composite?
False
Let n = -80 - -83. Suppose n*y - 351 = -s + 2*y, 1359 = 4*s - 5*y. Suppose x - s = -109. Is x a composite number?
True
Let u(z) = 14579*z**2 - 60*z + 575. Is u(8) a prime number?
True
Suppose -118*a + 114*a + 11620 = -5*n, -5*n = 5*a - 14570. Let j(t) = -t**3 + 6*t**2 + t - 8. Let u be j(6). Is ((a/9)/u)/((-4)/12) prime?
False
Let u = -595 + 868. Let s = u + 214. Is s prime?
True
Suppose 0 = -2*h + b + 12535, -4*h = -0*h - 3*b - 25067. Suppose -4*y = -n + 1273, 3*y + y = -5*n + h. Is n a prime number?
False
Let b = 358 + -353. Suppose -408 = 3*s - 4*n - 1125, b*n = 0. Is s a prime number?
True
Suppose 2*c - 4*s = 4098, 3*c + 2051 = 4*c - s. Is c a composite number?
False
Let b(t) = -1152*t**3 - 3*t**2 - 4*t - 2. Let y(f) = 2*f + 6*f**2 + f**3 + 3 + 14 + 2*f**2 + f**2. Let x be y(-9). Is b(x) a composite number?
False
Let x(s) = 2*s**3 - 22*s**2 + 3*s - 72. Let p be x(14). Let d = p - -1753. Is d prime?
False
Let x(w) = 6*w**2 + 2*w + 7. Let v be x(15). Suppose 0 = f - v - 890. Suppose -u + 2265 = 4*u - 5*t, -5*u + 2*t = -f. Is u a composite number?
False
Let k(h) = h**2 - 4*h + 2. Let a(n) = -8*n. Let r be a(-1). Let p be (-3)/(-12)*-2*r + 0. Is k(p) a prime number?
False
Let z = 144 + -139. Suppose 10008 = 2*w + x, -4*w - z*x = -7*w + 15038. Is w composite?
True
Let n(h) = 20*h**2 + 5*h - 7. Let j(z) = 39*z**2 + 10*z - 13. Let q(u) = 4*j(u) - 7*n(u). Let m = 0 - -5. Is q(m) a composite number?
True
Let j(f) = -11851*f**3 + 5*f**2 + 35*f + 34. Is j(-1) composite?
True
Let m = -11863 + 18212. Is m a composite number?
True
Let c(l) = -73166*l + 3837. Is c(-4) a composite number?
True
Suppose 0 = 4*x + 4*v - 12, -3*x + 8*x = -2*v + 15. Suppose -2*k - 13*p = -8*p - 5399, k - x*p - 2716 = 0. Is k a prime number?
True
Suppose 24*o - 22759518 = -187*o - 2247575. Is o a prime number?
True
Suppose -4*l - 5 = -c, -2*l = 4*c + 2*l. Let v be c/(-4 + 2)*(-1346 + -2). Suppose -b + v + 447 = 0. Is b a prime number?
False
Let d(f) = -2*f**2 + 11*f - 10. Let p(x) = -2*x**2 + 11*x - 11. Let a(v) = 3*d(v) - 4*p(v). Let o be a(-15). Let y = o - -380. Is y a composite number?
False
Let g be 325260/(-42) + 1/(14/4). Let o = g + 5234. Is (o/(-4))/((-2)/(-4)) a prime number?
False
Suppose -5*t = -71 + 61. Let a(g) = 1603*g**3 + 3*g**2 + 3*g - 1. Is a(t) a prime number?
True
Suppose -3*z + 14*k - 10*k + 29001 = 0, -38668 = -4*z - 4*k. Suppose 2*q = -i + z, 4*i = -q + 3*i + 4832. Is q prime?
False
Suppose 3*x - 1 - 2 = 0, 2*x - 35 = -3*i. Let g be -580*(37/(-10) + i/55). Suppose g - 6226 = -4*w - 2*y, w = 4*y + 1049. Is w composite?
False
Let t(p) = 1724*p - 1593. Is t(4) prime?
True
Let u = 7 - 5. Let w be 18/u*(-16)/(-12). Suppose 0 = w*o - 54653 + 19145. Is o a composite number?
True
Let o = 55 - 46. Suppose 65381 + 39037 = o*m. Is m a prime number?
False
Is 26842478/171 - (8 + 380/(-45)) a prime number?
False
Let y(a) = a**2 - 11*a + 34. Let o be y(6). Suppose -6247 = -g + v, 5*g - o*v = 21616 + 9619. Is g prime?
True
Let c(q) = -13*q**3 + 2*q**2 - 3*q. Let m be c(5). Suppose -15486 = 290*h - 296*h. Let k = m + h. Is k prime?
True
Let j = 140 + -135. Let l = 23475 - 13487. Is (l/(-10))/(-2) - 2/j prime?
True
Let k(s) be the first derivative of 2*s**3/3 - 17*s**2/2 + 68*s + 24. Is k(-23) a composite number?
True
Suppose 4*v - 89717 = 5*q, 0 = 5*v + 3*q - 110148 - 2026. Is v composite?
False
Suppose 4*o = 2*v + 230820, -163355 = -5*o + v + 125164. Is o a prime number?
False
Suppose 4*n + 5*b = 161198, -2*b + 4*b = 4*n - 161240. Is n a prime number?
False
Let i(c) = -29*c + 12. Let z be i(-3). Let r = -96 + z. Suppose y - 3*y + 305 = r*t, t = 5. Is y a prime number?
False
Suppose -71 + 68 = -o. Suppose -o*q = 2*y - 341 - 465, 2*q - 8 = 0. Is y prime?
True
Suppose 0 = 2*s - 4*t, -4*t = 3 - 7. Is -3 + 96716/s + -6 prime?
False
Let n be 9651/(-6)*2 - 1. Let o(t) = 909*t + 72. Let x be o(5). Let h = n + x. Is h a composite number?
False
Let y be -3 + 236529/(-15) + (-26)/65. Let h = 13305 - y. Is h a composite number?
False
Let h be (0 + -10 + 9)/((-2)/78614). Suppose 8*c - 28941 - h = 0. Is c a prime number?
False
Suppose -1179*n + 1081*n = -19337458. Is n a composite number?
True
Let u(g) = -239*g - 10. Let i(a) = 159*a + 7. Let l(k) = -7*i(k) - 5*u(k). Let w be l(3). Suppose 4*r = t - w, r = 5*t - 1476 + 222. Is t composite?
False
Let q = -48 + 52. Suppose 0*b = 2*a - 3*b - 2168, -q = -2*b. Let l = -710 + a. Is l a prime number?
False
Suppose 25*w - 28*w + 83764 = p, -4*p = 20. Is w a composite number?
True
Suppose -13*x = -7340 - 34299. Suppose 8*o - 13*o - h + x = 0, 5*h = -4*o + 2554. Is o composite?
False
Let z be 2 - -3*2/6. Let a = -100 - -102. Suppose z*v - 5195 = -a*v. Is v a composite number?
False
Let l = -30777 + 183364. Is l a prime number?
False
Let r(u) = 620*u**2 + 54*u + 425. Is r(-7) composite?
False
Let j(w) = 40*w**3 - w**2 - 7*w - 1. Let a be j(5). Suppose 4*l = 7*l + 5*m - a, 5*m = 4*l - 6562. Is l prime?
False
Let k(a) = -a**3 + 30*a**2 + 31*a + 4. Let m be k(31). Is -5554*((-36)/8 + m) prime?
True
Suppose 5*i - 87665 = -3*r + 103301, 190994 = 3*r + i. Is r composite?
False
Let s be 1 + -1 + 112/4. Let t be (10/3)/(s/(-2562)). Is (-5)/5*1*t a composite number?
True
Suppose -5*w - 5*t + 75 = 0, 2*w + 60*t - 25 = 59*t. Suppose w*q - 176934 = -45344. Is q composite?
False
Let w(r) = r**2 - r - 1. Let o be w(0). Let v(x) = -2*x. Let f be v(o). Is ((-35)/15)/(f*(-2)/2532) a prime number?
False
Suppose 2*d - 26606 = 3*u, -4*d - 74*u + 69*u = -53256. Is d a prime number?
True
Let t = 832040 + -583261. Is t composite?
False
Let q(h) = -h**3 - h**2 + 5. Let b be q(0). Let k be ((2/(-2))/(-1))/(b/25). Suppose -k*s + 701 = -4*s. Is s composite?
False
Let j be 3/(-4) + (81/12)/9. Suppose j = -g + 11*g - 10570. Is g composite?
True
Let f(r) = 26*r**2 - 3*r + 27. Let a be f(-6). Let d = a - 2288. Let u = d + 2044. Is u a prime number?
False
Let r(q) = -q**3 - q. Let i(s) 